, -4*s = -u - u - 238. Is s a composite number?
True
Suppose 0 = o + 3, 260699 = 5*m - 21*o + 23*o. Is m composite?
True
Let v be (-10)/2*(-6504)/15. Suppose -s = 4*s - 3*o - 3595, -4*o - v = -3*s. Suppose -5*d + d + s = 0. Is d a composite number?
False
Suppose -5*b + 3*m + 105 = 0, 4*b + 2*m = m + 67. Let a = -16 + b. Is (-215)/a*36/(-30) composite?
True
Suppose 0 = -r - r. Let j(p) = p**3 + 2*p**2 + p + 211. Is j(r) a composite number?
False
Let c = -29 - -240. Let j be 6 + -7 + 1*c. Suppose 0*o - 6*o = -j. Is o composite?
True
Let a(r) = 253*r**2 - 7*r - 2. Is a(7) composite?
True
Is (454/(-4) + 2)/(44/(-5192)) a prime number?
False
Suppose z + 5 = 6*z. Suppose 2*c + z = 3*j - 1, 3*j = -3*c + 27. Suppose j*f - 199 = 613. Is f a composite number?
True
Suppose 375*d = 363*d + 54420. Is d a composite number?
True
Let o be 3/6*-6 + 6. Suppose -2*d - o*t = d - 1572, t + 2638 = 5*d. Is d a composite number?
True
Let m = -8 + 11. Is (m - 5) + -2 - -51 a composite number?
False
Let q = 264 + -151. Let d = q + 366. Is d composite?
False
Let s = 7 - 7. Let b be 8 - (3 + s + 0). Suppose 0 = -8*l + b*l + 99. Is l composite?
True
Suppose 0 = -9*j + 13*j - 8. Suppose 3*c + 3*a = j*a + 62, 20 = 4*a. Is c composite?
False
Let c be (14/35)/(2/20). Suppose c*h - 3635 = 597. Suppose -5*k - 5*o + h - 383 = 0, -687 = -5*k - 2*o. Is k prime?
True
Suppose -2*s - g + 13984 = 0, 21*s - 3*g - 27958 = 17*s. Is s prime?
True
Suppose 2*h + h - 6 = 0. Suppose 10 = 5*z + h*u, z - 4*u = 2*z - 2. Suppose -k = -z*k + 113. Is k composite?
False
Is 5759 + 1 + (1 - 12/2) composite?
True
Suppose 6*t - 10*t + 26782 = -2*k, -20103 = -3*t - 4*k. Is t a composite number?
True
Is (3 - (-20)/(-12))/((-16)/(-153708)) a composite number?
False
Let g = -47 - -322. Suppose d - g = -f, -5*d - 6 = -1. Suppose -3*w + 4*l = 9*l - 207, -f = -4*w - 2*l. Is w prime?
False
Let s = -12 + 14. Let w be (-16)/(-5) - s/10. Let h(k) = 31*k - 6. Is h(w) a prime number?
False
Let l be (8/6)/(4/6). Let a(k) = 9*k**l + 2*k - 6 - 4 + 10. Is a(3) prime?
False
Let x(j) = -2 + 8 - 3 + 7*j - 2*j. Let o(t) = 2*t + 1. Let p(n) = 7*o(n) - 4*x(n). Is p(-7) a composite number?
False
Let m = 449515 + -286736. Is m a composite number?
False
Suppose -3*d - 75453 = -3*m, 50302 = 2*m - d - 0*d. Is m composite?
True
Let k = 78 - 72. Is ((-226)/k)/(8/(-72)) a composite number?
True
Suppose 3*j + 498 = -2*l - 790, -3*l + 2*j = 1958. Let h = 949 + l. Is h a prime number?
False
Suppose 4*t + 1863 = 3*l, 0 = -5*t - 4*l + 110 - 2431. Let c be -750 - (3 + -3 - -2). Let s = t - c. Is s prime?
False
Suppose 0*a - 10 = 2*a. Let c = a - -8. Suppose c*k - 1484 = -4*b - 2*k, 3*b + 5*k = 1113. Is b a prime number?
False
Suppose 0*m - 4*m + 20 = 0. Suppose -5*z + 13 = -2*z + 4*h, -m*z + 17 = 2*h. Suppose -4*k = -z*k - 7. Is k prime?
True
Let v(g) = -4*g**2 + 17*g + 7. Let k(b) = -3*b**2 + 16*b + 6. Let c(j) = 6*k(j) - 5*v(j). Is c(10) composite?
False
Let o(x) be the first derivative of x**4/4 + 8*x**3/3 + x**2 + 22*x - 38. Is o(-7) prime?
False
Suppose k + 12 = 5*l, -2 = -5*l - 0*l - 4*k. Suppose -2*q = -3*w - l, 0*q + q = 4*w + 1. Suppose 5*b - 485 = -w*b. Is b prime?
True
Suppose 0 = -0*w - 22*w + 19338. Is w a composite number?
True
Suppose 0 = 2*y - y - 10. Suppose 57 = -7*n + y*n. Is n a prime number?
True
Suppose 0 = -0*n - 18*n + 65034. Is n prime?
True
Let a = 79 - 76. Suppose 3153 = a*l + l - 5*h, -5*l + 3933 = 2*h. Is l composite?
False
Let g(t) = -5*t**2 - 10*t - 9. Let b be g(-8). Is (-7)/(b/123 - -2) composite?
True
Let s(y) = 283*y - 638. Is s(3) a prime number?
True
Let h = 1041 + 4582. Is h prime?
True
Suppose 0 = -0*y + 2*y + 2*v - 24, 4*y = 2*v + 66. Let h = y - 12. Suppose 2*d - g = -0*g + 454, 3*d + h*g - 672 = 0. Is d composite?
True
Let z(c) = -144*c - 1. Let q be z(6). Let t = 1662 + q. Is t a prime number?
True
Let c(o) = 2*o**2 + 5*o + 1. Let x be c(-4). Suppose 5*g = d - 50, -g - d - x = -3. Is (g - 0)*11/(-2) a composite number?
True
Suppose -2*w + 5*d = -19, 34 - 3 = 3*w - 5*d. Suppose -3*h = h - w. Is 1986/24 + h/12 composite?
False
Let w be 2*(-9)/(-6) - -2. Suppose 2005 = w*k - 3*i - 328, k - 485 = -4*i. Is k a prime number?
False
Suppose 0 = 5*a + 5*p - 45810, 11*p + 45780 = 5*a + 10*p. Is a prime?
True
Let b = 22 - 19. Suppose 4*q - 4*x = 3*q + 13, q + x = b. Suppose -q*j + 4815 = 220. Is j prime?
True
Suppose 5*t - 43116 = -7*t. Is t a composite number?
False
Let b(s) = -165*s + 571. Is b(-72) composite?
False
Let u(j) = 4*j**3 - 23*j**2 + 20*j - 16. Let z(p) = -7*p**3 + 46*p**2 - 41*p + 31. Let y(i) = 5*u(i) + 3*z(i). Is y(18) a prime number?
False
Let a(n) = 485*n**2 + n + 1. Let k be a(1). Let b(l) = 11*l**2 + l + 1. Let h be b(5). Let y = k - h. Is y prime?
False
Let z = -226 - -568. Suppose -y = 2*o - 173, -2*y - 3*o - 2*o = -z. Is y prime?
True
Suppose 4*g = -3*n + 13, -2*g + 4*n + 16 = g. Suppose 0 = y - g*y + 18. Suppose y*t = 10*t - 124. Is t a composite number?
False
Is ((-1443)/(-15))/((-46)/(-230)) a prime number?
False
Let f(z) = -6*z - 56. Let p(l) = -9*l - 84. Let q(k) = -8*f(k) + 5*p(k). Is q(21) a composite number?
True
Suppose 2*o + 96 = 4*f, 4*o + 2*f = f - 210. Let w be o/(-14) + 2/7. Suppose 4*t - 5*s = -t + 190, -w*s - 185 = -5*t. Is t a prime number?
False
Let i = 55736 - 33123. Is i a composite number?
False
Suppose -4 = 4*z - 6*z. Suppose z*f = -2*f, f = l + 6. Is 63/54*l/(-1) a composite number?
False
Suppose 5*p = 3*p + 6. Suppose 0 = -3*y + p + 12. Suppose 163 = y*n - 4*o, 2*o - 5 - 1 = 0. Is n a prime number?
False
Let z = -51 + 56. Suppose -2*f + 3*k + 117 + 67 = 0, 455 = z*f - 5*k. Is f composite?
False
Suppose q - 2604 = 5*p, 14 - 19 = p. Is q composite?
False
Let w be (1 - 0 - -3) + 1. Is (3 - w)/((-6)/4071) composite?
True
Let j(o) = -431*o - 99. Is j(-10) composite?
False
Is ((-2)/4)/(82868/9208 + -9) a prime number?
True
Suppose 16 + 26 = -2*d. Is (754/3 - -1) + (-14)/d composite?
True
Let s be 30/12 + 2/4. Let d be (-2)/((-2)/s + 0). Suppose -753 + 118 = -3*y + 4*m, 0 = d*y + 2*m - 605. Is y prime?
False
Let j(c) = -c - 3. Let p be j(0). Let w be ((-11)/p)/((-2)/(-60)). Suppose -2*u = 3*u - w. Is u composite?
True
Let p(v) = -856*v - 231. Is p(-5) prime?
True
Is 2/10 - (-222570)/25 a prime number?
False
Let p(w) = -w - 1. Let u = -35 - -36. Let o(j) = 76*j + 9. Let l(h) = u*o(h) + 4*p(h). Is l(3) a prime number?
False
Let r(g) = 47*g**2 - 10*g + 26. Is r(11) a composite number?
True
Let n = 105 + -105. Let g = -253 + 492. Is g + ((-12)/3 - n) a prime number?
False
Suppose 0 = w - 50 - 15. Suppose 17*p - 80 + 29 = 0. Let r = w - p. Is r a composite number?
True
Is (-1098540)/(-108) + 2/(-3) composite?
True
Let b(a) = 13*a**2 + a + 1. Let o(p) = -p**2 + 8*p + 7. Let r be o(9). Is b(r) prime?
False
Let n = 23 - 19. Suppose -1735 = -5*o - 2*c, -5*c + 370 = o - 0*o. Suppose n*v = v + o. Is v a composite number?
True
Let z(n) = -3*n**3 - n**2 - n. Let o be z(-1). Suppose o*u - 137 = -p, -4*p - u - 4*u = -576. Is p a composite number?
False
Is (3/(-9))/((-1)/474) a prime number?
False
Suppose 19836 = 2*u - 5*b, -4*u = -10*b + 11*b - 39694. Is u composite?
False
Suppose -25 = -5*n, -3*v + 2*n = n - 37810. Is v prime?
False
Suppose 5*h = -5*s + 50, -3*s + 2*h = -13 + 3. Let b(k) = k - 9. Let f be b(s). Let j(u) = -46*u + 7. Is j(f) composite?
True
Suppose c - 841 - 369 = q, 3612 = 3*c + 3*q. Is c prime?
False
Suppose -2*y + 241 = 3*r - 6*r, 5*y - 595 = 5*r. Let t = 181 - y. Is t composite?
True
Let c(j) = 780*j**2 + 1 - 1 - 433*j**2. Let d be ((-2)/(-6))/(3/9). Is c(d) prime?
True
Let j(i) = -i**2 + 11*i + 2. Let u = -3 + 7. Suppose -u = -a, -24 = -5*f + 3*a + a. Is j(f) composite?
True
Suppose -q - 21351 = -p, -3*p + p - 5*q + 42730 = 0. Is p prime?
False
Suppose -5*t - g + 41 = -79, -5*g - 150 = -5*t. Let x be (-5)/(t/8)*5. Is (-106)/(-3*x/(-12)) a composite number?
False
Is (-10495905)/210*1*-2 composite?
False
Let i = -23 - -27. Suppose -i*l + 45 = -l. Is l prime?
False
Let x = -314 + 574. Let q(s) = -s**2 + 5*s + 1. Let v be q(4). Suppose v*k = k + x. Is k prime?
False
Is 21/(42/6) + 3046*1 composite?
False
Suppose -9 = -3*x + 3. Suppose -6*o + 160 = -x*o. Suppose p - 89 = -2*w - 0*w, -2*w - 4*p = -o. Is w a prime number?
False
Suppose -2*x + 3*k + 2 = -44, 3*k =